est common factor of 67 and 522099443?
67
What is the greatest common factor of 1000704573 and 18117?
6039
Calculate the greatest common divisor of 3 and 2886483.
3
What is the greatest common divisor of 595 and 19686555?
35
What is the highest common divisor of 6233 and 3565547?
271
What is the highest common factor of 4000 and 5021625?
125
What is the highest common factor of 7868 and 29509496?
1124
What is the highest common factor of 10854 and 32?
2
What is the highest common divisor of 638394 and 566294?
206
What is the highest common divisor of 1782 and 29158866?
1782
Calculate the highest common divisor of 388493740 and 39340.
5620
Calculate the highest common divisor of 124003 and 495.
11
What is the highest common divisor of 1574985 and 15?
15
Calculate the highest common divisor of 23123286 and 3748.
1874
Calculate the greatest common divisor of 5973592 and 40.
8
Calculate the greatest common divisor of 475 and 4184525.
25
What is the greatest common divisor of 58437 and 1962?
9
What is the greatest common divisor of 625167 and 576?
9
What is the greatest common divisor of 2272 and 87493584?
1136
What is the greatest common divisor of 81 and 8098002?
27
What is the highest common factor of 216 and 21307304?
8
Calculate the greatest common divisor of 123243792 and 1680.
336
Calculate the greatest common divisor of 14331759 and 2848.
89
What is the greatest common divisor of 322796721 and 39?
39
What is the highest common divisor of 640 and 975140?
20
Calculate the highest common divisor of 594 and 2685366.
54
What is the greatest common factor of 988285395 and 255?
255
What is the greatest common factor of 2024 and 426176476?
1012
Calculate the highest common divisor of 80549 and 85836.
311
Calculate the greatest common divisor of 20235 and 31065.
285
What is the highest common divisor of 21363376 and 16?
16
What is the highest common divisor of 9279930 and 15189?
183
What is the highest common factor of 5862 and 16386?
6
Calculate the highest common divisor of 3372473192 and 272.
136
Calculate the greatest common divisor of 187628402 and 5954.
5954
What is the greatest common divisor of 2284 and 269708?
4
What is the greatest common factor of 362587548 and 828?
276
Calculate the greatest common factor of 2812 and 1750026.
74
Calculate the highest common factor of 278 and 21200002.
278
What is the greatest common factor of 464 and 37056?
16
Calculate the highest common divisor of 220 and 35463835.
55
Calculate the highest common divisor of 20509140 and 3060.
1020
What is the greatest common factor of 18666 and 207162?
306
What is the highest common factor of 9724 and 8194?
34
What is the greatest common factor of 108 and 10943694?
54
What is the highest common factor of 3008 and 13226176?
3008
Calculate the highest common divisor of 935244 and 20252.
332
What is the greatest common divisor of 31143 and 20937?
21
What is the greatest common divisor of 2192 and 1441984?
16
What is the highest common factor of 3717 and 942984?
63
Calculate the greatest common divisor of 549 and 26415013.
61
Calculate the highest common divisor of 950 and 188325.
25
What is the highest common factor of 1926 and 4309002?
18
What is the greatest common divisor of 475874 and 2443774?
3578
What is the highest common divisor of 96347 and 983?
1
What is the greatest common divisor of 1865 and 141535?
5
What is the highest common factor of 2726 and 826964?
58
What is the greatest common factor of 46461 and 104856?
51
What is the greatest common divisor of 33991 and 17461?
19
Calculate the highest common factor of 42742078 and 24898.
118
Calculate the highest common factor of 441 and 2910285.
63
What is the greatest common factor of 946960 and 25935?
665
Calculate the greatest common factor of 8753595 and 89.
89
What is the greatest common divisor of 56406245 and 35?
35
What is the highest common factor of 17600 and 1481689?
11
What is the highest common factor of 4479421 and 281?
281
Calculate the highest common divisor of 530 and 5879502.
106
Calculate the highest common factor of 21296836 and 1012.
44
Calculate the highest common factor of 5832 and 136188.
108
Calculate the highest common factor of 8738 and 879968.
514
Calculate the highest common divisor of 215 and 8381173.
43
Calculate the greatest common factor of 20988 and 2785203.
477
What is the greatest common divisor of 136330649 and 91?
91
What is the highest common factor of 141622227 and 27909?
3987
Calculate the greatest common factor of 273028266 and 2133.
2133
What is the greatest common factor of 62994 and 24?
6
What is the greatest common factor of 7740981 and 621?
27
Calculate the greatest common divisor of 402 and 225346125.
201
What is the highest common divisor of 8901 and 1512009?
387
What is the highest common divisor of 33 and 403611?
3
Calculate the greatest common factor of 231 and 8293164.
33
Calculate the greatest common divisor of 26527 and 7862344.
647
What is the highest common divisor of 2339091 and 14883?
123
What is the greatest common factor of 4 and 1111349324?
4
Calculate the highest common factor of 100 and 23983240.
20
Calculate the highest common divisor of 730774 and 2229964.
1298
Calculate the greatest common factor of 10112 and 201371.
79
What is the greatest common factor of 25 and 2634815?
5
What is the highest common divisor of 240 and 137988560?
80
Calculate the greatest common divisor of 7500825 and 424.
53
Calculate the highest common factor of 123284 and 29156.
148
What is the greatest common factor of 608 and 1451144?
152
What is the greatest common divisor of 50658311 and 11?
11
What is the highest common factor of 12 and 329457?
3
Calculate the highest common factor of 31499584 and 8.
8
What is the highest common factor of 63 and 4246299?
9
Calculate the greatest common divisor of 109593 and 423489.
1353
What is the greatest common factor of 36 and 18723380?
4
Calculate the greatest common divisor of 41700 and 3879768.
1668
What is the greatest common factor of 47357984 and 10?
2
Calculate the highest common factor of 21532 and 76703136.
3076
Calculate the greatest common factor of 3056 and 4768496.
16
What is the greatest common factor of 5809572 and 768?
12
Calculate the greatest common factor of 41526100 and 308.
308
Calculate the highest common factor of 1571856 and 25168.
2288
What is the greatest common divisor of 258 and 1504405998?
258
Calculate the highest common factor of 702457 and 6783.
119
Calculate the greatest common factor of 1370027 and 8.
1
Calculate the greatest common factor of 1154292978 and 167.
167
What is the greatest common divisor of 7533 and 232872?
93
Calculate the greatest common factor of 36486 and 5958.
18
Calculate the highest common divisor of 262808 and 14378.
182
Calculate the highest common divisor of 4630 and 101081234.
926
What is the highest common factor of 160 and 11315650?
10
Calculate the highest common factor of 207 and 9113949.
9
What is the greatest common factor of 20999 and 461120?
11
What is the highest common divisor of 182 and 344006?
26
What is the highest common factor of 451 and 5841229?
41
What is the greatest common factor of 24 and 120188916?
12
What is the highest common divisor of 6936836 and 2532?
844
Calculate the greatest common factor of 120 and 783606072.
24
Calculate the highest common factor of 520800 and 18200.
1400
What is the greatest common factor of 12240789 and 7557?
33
What is the greatest common factor of 1413 and 6025869?
9
Calculate the highest common divisor of 3038 and 9525649.
1519
Calculate the greatest common factor of 7128 and 1436040.
72
What is the greatest common divisor of 212529772 and 4?
4
Calculate the greatest common divisor of 35681 and 3115757.
1151
What is the greatest common divisor of 472 and 603157?
59
Calculate the greatest common divisor of 138 and 2431062.
6
Calculate the highest common divisor of 9951669 and 21924.
1827
What is the highest common divisor of 9490 and 27131?
13
Calculate the highest common divisor of 957051983 and 76.
19
What is the greatest common divisor of 138 and 30452?
46
Calculate the greatest common factor of 1731780 and 18144.
324
What is the greatest common factor of 11818 and 643188?
38
Calculate the highest common divisor of 32528